 remainder when m is divided by g?
6
Suppose 10*r = -80*r + 28530. What is the remainder when r is divided by 34?
11
Suppose m = 4*z - 708, -z - 2*m = -195 + 27. Let h = -85041 + 85085. What is the remainder when z is divided by h?
0
Suppose 5*x = 11*j - 12*j + 13, -19 = -3*x + 5*j. Suppose -51 = -3*n - x*c, 6*c = 3*n + c - 59. What is the remainder when 32 is divided by n?
14
What is the remainder when (-2 - -8)*(-60)/(-9) is divided by ((-8)/(-6))/((-28)/(-504))?
16
Let p = 95 + 163. Let q(d) = -d**3 - 6*d**2 - 8*d - 6. What is the remainder when p is divided by q(-5)?
6
Let s = 172 + -171. What is the remainder when (-5)/(s - 78/76) is divided by 49?
43
Suppose -9*a - 4*s = -994, 535*s - 539*s + 424 = 4*a. Let d be (-75)/2*(-2)/3. Let p = -16 + d. What is the remainder when a is divided by p?
6
What is the remainder when (-2498)/(-2)*1 + 33/(-132)*24 is divided by 124?
3
Suppose 0 = -6*z + 211 - 19. What is the remainder when 68 is divided by -9 + 2 + 1 + z?
16
Let l = 21 - 9. Let k = 43 - 18. Suppose 0 = k*w - 24*w - 31. Calculate the remainder when w is divided by l.
7
Suppose -3496 = -53*x - 157. What is the remainder when x is divided by 0 + -2 - (-19 - -1)?
15
Let c(g) = 197*g - 2110. What is the remainder when 860 is divided by c(12)?
98
Let w(q) = 38*q - 1230. Calculate the remainder when 233 is divided by w(33).
17
Suppose -1594 = -75*f + 12131. What is the remainder when 860 is divided by f?
128
Let w(m) = -m**3 - 58*m**2 - 625*m + 4. Calculate the remainder when w(-44) is divided by 137.
126
Suppose 3*t + 2 = -1, 0 = 4*k - 5*t + 79. Let v = 22 - -6. Let j = v - k. Calculate the remainder when j is divided by 13.
10
Suppose j - m - 4*m - 3855 = 0, -5*m - 7695 = -2*j. Calculate the remainder when j is divided by 17.
15
Suppose -110*p + 4845 = 1545. Calculate the remainder when 3807 is divided by p.
27
Let h(r) = 8*r**2 + 253*r + 1678. Calculate the remainder when ((-62)/3)/(4/(-66)) is divided by h(-9).
47
Suppose -2*a - 5*o + 385 = 80, 5*a - 9*o - 612 = 0. Suppose -3*x + 0*r + 51 = 4*r, 3*x + 2*r = 51. Calculate the remainder when a is divided by x.
16
Let j = 19131 - 18561. Calculate the remainder when j is divided by 11.
9
Let u(j) = 9 - 30*j**2 + j**3 + j**3 - 10 + 8. Let w be u(15). Let l = w + 7. What is the remainder when 27 is divided by l?
13
Calculate the remainder when -3*44/(-4)*7 + (47 - 45) is divided by 120.
113
Suppose -8*y - 96 + 504 = 0. What is the remainder when 0 - (-5)/((-20)/(-812)) is divided by y?
50
Let s(j) = j**3 + 6*j**2 - 4*j - 5. Let q = -26 - -29. Suppose -3*p + 4*r = 14 - 4, -r = -q*p - 16. What is the remainder when 47 is divided by s(p)?
9
Let c = 21580 - 15213. What is the remainder when c is divided by 33?
31
Let u be (-27)/81*(-2 - 1)*2. Suppose -u*j = -a + 82, 4*j - 3*j = 2*a - 179. Calculate the remainder when a is divided by 54.
38
Suppose -212 = -4*v + 3*f, 6 - 165 = -3*v - f. What is the remainder when 6622 is divided by v?
50
Let h(x) = x**3 - 3*x**2 - 4*x - 12. Let j be h(6). Let l = -43 + j. Suppose 5*f - 786 - 69 = 0. What is the remainder when f is divided by l?
26
Let n(x) = 8*x**3 - x**2 - 3*x + 7. Let f be n(3). Suppose 5*g = -f + 5. Calculate the remainder when 52 is divided by (g/(-12) - 3)/((-1)/(-48)).
4
Let r = 21 - 22. Let l be ((-2)/(-10) + 31/(-5))*r. Suppose -l*t - 285 = -11*t. Calculate the remainder when t is divided by 20.
17
Let g(m) = -m**2 - 12*m - 6. Let s = 59 - 70. Suppose -2*n - 2*u + 11 = -1, 4*u - 23 = -3*n. What is the remainder when g(s) is divided by n?
0
Let a(y) = y**3 - 18*y**2 + 2*y - 4. Let h be a(18). Suppose 10 + h = 3*j. Suppose 2*v = -5*v + 371. What is the remainder when v is divided by j?
11
Suppose 2*s - 19 = -s + 5*t, 3*t = s - 9. Suppose 353 = s*j + 20. Calculate the remainder when j is divided by (84/(-16))/(234/52*1/(-24)).
27
Calculate the remainder when 549 is divided by 6/27 - (-3 - (47424/108)/13).
31
Suppose -3*b + 0*b = -165. Let o = -127781 - -127800. What is the remainder when b is divided by o?
17
Suppose -1419 = -3*u - 0*r - 3*r, r - 2373 = -5*u. Let f = -444 + u. Calculate the remainder when 121 is divided by f.
28
Let x = -1946 + 2419. What is the remainder when x is divided by 167?
139
Suppose 16*i - 4339 = -2947. What is the remainder when 606 is divided by i?
84
Let o = 53 + -58. Let g be (o/5*142)/((-1)/2). What is the remainder when 1/((16/g)/4) is divided by 18?
17
Let t = -124 - -257. Suppose 0 = -5*v + t + 27. Suppose -48*j - 65*j - 293 = -2214. What is the remainder when v is divided by j?
15
Let p = -501 - -535. Suppose -p*n + 39*n - 1630 = 0. Calculate the remainder when n is divided by 41.
39
Suppose -4*y = 5*z - 186, -79 = -2*z + 6*y - 3*y. Let b be 42*((-54)/(-42) + -1). Suppose 0 = b*c - 13*c + 10. What is the remainder when z is divided by c?
8
Suppose -3*s = 5*j - 8*j + 195, 4*j + 2*s = 230. Suppose 5*m + 34 = t, 0 = -3*t - t + m + j. What is the remainder when t is divided by 5?
4
Calculate the remainder when 1510 is divided by 9/324*12 - (501/(-9) - -2).
52
Let v = 31465 + -25762. Calculate the remainder when v is divided by 23.
22
Let x = -4897 - -5289. Calculate the remainder when x is divided by 130.
2
Let y(g) = 198*g - 40. Let n be y(-4). Let m = 845 + n. Calculate the remainder when 163 is divided by m.
7
Let u(q) = q**3 + 6*q**2 - 7*q - 1. Let y be u(-7). What is the remainder when 2*(3 - 2) + 46 is divided by (-10)/y + 0/(-20)?
8
Let s(c) = -c**3 + 35*c**2 - 38*c + 470. What is the remainder when s(34) is divided by 209?
125
Let a(u) = -u**2 + 12*u + 84. Let z be a(0). Suppose -7 = -l + z*g - 86*g, 2*g - 1 = 5*l. What is the remainder when l is divided by 0/(-2) + (-1)/(-1)?
0
Suppose -3*j + 5*y + 107 = 0, 0 = -5*j + y - 72 + 221. What is the remainder when 2 + (0 - (0 - 51)) is divided by j?
24
Let q = 3199 + -3115. Calculate the remainder when q is divided by (-9)/(-2) + (-2)/(-4).
4
Suppose 8*u - 8 - 24 = 0. Suppose t + u*h - 15 = 5*h, 5*t - 3*h - 85 = 0. Suppose 50 = 2*r - 92. Calculate the remainder when r is divided by t.
11
Suppose 32*o - 360 = 23*o. Calculate the remainder when 477 is divided by o.
37
Suppose 10*o = -30*o + 3000. What is the remainder when o is divided by 17?
7
Calculate the remainder when 4833 is divided by (-990)/(-8) + ((-2697)/(-2436) - (-6)/(-7)).
121
Let m(h) = -h**3 - 9*h**2 + 18*h + 12. Let b be m(-8). Calculate the remainder when -1*(2/(-1) - 44) is divided by (-95)/(-4) + (-49)/b.
22
Suppose -67*v - 2*l = -63*v - 776, -4*v + 788 = -l. What is the remainder when v is divided by 17?
9
Suppose -v + 4*r = -13, 0 = 5*v - 5*r - 72 - 38. What is the remainder when 373 is divided by v?
23
Let q = 119 + -153. Let p = -29 - q. Suppose -g - 3 = 2*g, 0 = p*a - g - 41. What is the remainder when 69 is divided by a?
5
Let z = 2272 - 1791. Calculate the remainder when z is divided by 70.
61
Suppose 18*f - 21*f = 12. Let v be 315/99 + f/22. Suppose k + 1 = v, 3*n = -k + 59. What is the remainder when 69 is divided by n?
12
Suppose 0 = -2*v - 17*v + 304. What is the remainder when v/1040*10 + 6288/26 is divided by 27?
26
Let z(p) = -3*p**2 + 54*p - 6. Let q be z(16). Suppose 5*g + 2*h = -0*g + 124, -3*h = -4*g + q. What is the remainder when 66 is divided by g?
18
Let v be 2*((-16)/6)/(22/99). Let n = 165 + v. What is the remainder when n is divided by 38?
27
What is the remainder when (-35)/14*1236492/(-135) is divided by 66?
62
Suppose -2*n = -0*v - v + 3, -20 = 4*v. Calculate the remainder when (69 - n)/(7/7) is divided by 16.
9
Let i(j) = -j**3 - 22*j**2 + 264*j - 2. Calculate the remainder when i(-31) is divided by 185.
93
Suppose 70*b + 6922 = -102*b + 36850. Let c(t) = t**2 - 2*t - 8. What is the remainder when b is divided by c(6)?
14
What is the remainder when 56 is divided by ((-1128)/32)/((-18)/24)?
9
Let f(u) = -16*u**2 + 10*u - 13. Let z be f(5). Let r = -158 - z. What is the remainder when r is divided by 52?
49
Suppose -57*a + 55*a = -10, 3*a - 3020 = -5*v. What is the remainder when v is divided by 49?
13
Let i = -6696 - -6741. Calculate the remainder when 74 is divided by i.
29
Suppose -m + 15*p = 20*p - 114, -p + 286 = 3*m. Calculate the remainder when m is divided by 25.
19
Let x = 3226 + -3199. Calculate the remainder when 1697 is divided by x.
23
Let f be ((-20)